. What is the remainder when 168 is divided by (h + (-50)/(-30))*(-90 + 0)?
18
Let x = -226 - -359. Let s(i) = 2*i**2 - 120*i - 361. What is the remainder when x is divided by s(63)?
14
Let p = 971 + -889. Let y(w) = -5*w - 3. Calculate the remainder when p is divided by y(-3).
10
Suppose -5*q + 239 = 4*d, 7*d + 4*q - 118 = 5*d. What is the remainder when 493 is divided by d?
5
Suppose 46*p - 2182 = -526. Calculate the remainder when 418 is divided by 33 + (p/(-3) - -7).
26
Let z be 3 + 1 + (-1)/((-4)/32). Suppose -19 - 125 = -z*l. Calculate the remainder when ((-7)/2)/((-2)/20) is divided by l.
11
Suppose -2*w = 36*w - 1216. Calculate the remainder when 1117 is divided by w.
29
Let y = -144 - -93. Let q = y + 59. Let v = q + 14. What is the remainder when 63 is divided by v?
19
Suppose 3596 + 112 = 12*b. Suppose b - 1209 = -12*n. What is the remainder when 148 is divided by n?
73
Suppose -18 + 27 = 3*k. Suppose 2*r - 24 = 4*c, -83 = -4*r + k*c - 30. What is the remainder when 47 is divided by r?
5
Let x = 389 - 389. Suppose 0 = 3*n + 3*k - 276, -k + 0 + 2 = x. Calculate the remainder when n is divided by 40.
10
Let b = 39 + -28. Suppose 4*y - 6*y = 8. Calculate the remainder when (11 - 1602/12)*y/5 is divided by b.
10
Suppose -3*d + 561 = 16*i, 37*i - 39*i + 645 = 3*d. Suppose -62 = -3*o + 2*m, -4*o + 2*m = -3*m - 85. Calculate the remainder when d is divided by o.
19
Let f be (-3 - (-86)/(-10))/((-1)/5). Let x = -48 + f. What is the remainder when 4/(-6)*-6*65/x is divided by 14?
12
Let c = -51574 - -51618. Let y be (-54)/(-10) + 2/(-5). What is the remainder when c is divided by -1*(-2 + y)*-3?
8
Let v(b) = 2*b**2 + 12*b - 16. Calculate the remainder when 93 is divided by v(-8).
13
Calculate the remainder when 61 + 6*(-50)/(-60) is divided by 9/15 - 82/(-5).
15
Let k(w) = w**3 - w**2 - w + 50. Let a be k(0). Let y = a - 40. Suppose 0 = 4*h + 5*m + y - 1, -h = 2*m + 6. Calculate the remainder when h is divided by 1.
0
Let h(a) = a**3 + 27*a**2 + 23*a - 15. Suppose y = -2*y - 78. Calculate the remainder when h(y) is divided by 32.
31
Let h = -158 + 177. Calculate the remainder when 15/(-9) + 2 + (-672)/(-9) is divided by h.
18
What is the remainder when 1165 is divided by (-7 - 0)*(-1144)/308?
21
Let i = -62 - -131. Suppose 42 = 4*j - m, -4*j + 5*m - 19 + i = 0. Calculate the remainder when 15 is divided by j.
5
Let c(d) = -449*d - 4300. Calculate the remainder when c(-10) is divided by 13.
8
Let t = 113 - 233. Calculate the remainder when (-4 - 14/(-4))/(3/t) is divided by -2*4/8*-11.
9
Suppose 19*h + 3927 = 30*h. Suppose h - 235 = 2*q. What is the remainder when q is divided by 8?
5
Let m(i) = 17*i**2 - 275*i + 1969. Calculate the remainder when m(7) is divided by 15.
7
Suppose 5*h - 6480 = 3*u, -8*h = -10*h - 5*u + 2561. Calculate the remainder when h is divided by 34.
1
Let a = 33 - 23. Suppose 2*s - 83*r + 85*r - 94 = 0, 5*s - r - 265 = 0. What is the remainder when s is divided by a?
2
What is the remainder when 149 is divided by ((-4 - 3) + (-553)/(-21))*(-75)/(-10)?
4
Suppose 7*i - 523 = -4149. Let c = i - -685. Calculate the remainder when c is divided by 12.
11
Let i = 2842 - 2786. Calculate the remainder when 1075 is divided by i.
11
Suppose 1250 = 20*u + 5*u. Let x(v) = -v**2 - v - 8. Let k be x(-15). Let c = 316 + k. Calculate the remainder when c is divided by u.
48
Suppose -18 = -w - 16, 5*w - 1476 = -x. What is the remainder when x is divided by 9?
8
Let a be (-148)/(-1776) - (1274/24 + -2). Let v = -52 + 14. Let d = v - a. What is the remainder when 30 is divided by d?
4
Suppose 13*a - 2*y + 776 = 17*a, 746 = 4*a - 3*y. What is the remainder when 596 is divided by a?
23
Let i(g) = g**3 + 7*g**2 - 4*g + 12. Calculate the remainder when 598 is divided by i(-3).
58
Let o = 423 + -395. Suppose 816 = -o*n + 2748. What is the remainder when 142 is divided by n?
4
Suppose -83 = m - 341. Suppose 131*g = 125*g + m. Calculate the remainder when g is divided by 5.
3
Let q be (-20)/3*1272/20. Let z = 429 + q. Calculate the remainder when 153 is divided by z.
3
Let r = 306 - -401. Calculate the remainder when r is divided by 31.
25
Suppose 0 = -4*l - 24, 5*s + l = 6394 + 1595. Calculate the remainder when s is divided by 397.
11
Let z(y) = 50*y + 1006. Let q(c) = -53*c - 3. What is the remainder when q(-3) is divided by z(-19)?
44
Let s(z) = -3*z - 2. Let h(j) = -2*j - 44. Let t be h(-12). Calculate the remainder when 346 is divided by s(t).
56
Suppose 0 = -730*d + 725*d + 235. What is the remainder when 127 is divided by d?
33
Let t be 4/16*14 - 12/(-8). Suppose -460 = -10*d + t*d - 5*f, 276 = 3*d - 3*f. What is the remainder when d is divided by 25?
17
Let a(j) = -77*j - 1681. What is the remainder when 3262 is divided by a(-22)?
12
Calculate the remainder when (-530)/(-6) + 2/3 is divided by (-189)/49*(-238)/51.
17
Let z(i) = -6*i + i**2 - 4*i**3 - 31 + 13 + 0*i**2 + 0*i**2 - 2*i. What is the remainder when z(-5) is divided by 29?
25
Suppose 2*f - 185 = -5*w, -3*f + w + 252 = -0*w. What is the remainder when f is divided by 8/(-18) + 73/(18396/3892)?
10
Let w = 31 + 142. Suppose -6*s + w = -133. Suppose -5*a + 43 = -87. What is the remainder when s is divided by a?
25
Let c(x) = -114*x - 220. What is the remainder when c(-12) is divided by 24?
20
Let g(d) = -3*d - 20. Let f be g(-5). Let q(t) = 4*t + 31. What is the remainder when 19 is divided by q(f)?
8
Let g = -130 + 864. What is the remainder when g is divided by 231?
41
Let k = 1370 - 1046. What is the remainder when 659 is divided by k?
11
Let t(k) = -25*k - 31. Let r = -437 + 435. What is the remainder when 88 is divided by t(r)?
12
Suppose 24024 + 61611 = 495*x. Let d = 50 - 25. Calculate the remainder when x is divided by d.
23
Calculate the remainder when (3 - 2022/(-12))*(5 - -9) is divided by 6.
1
Let t = -5661 + 5788. What is the remainder when 241 is divided by t?
114
Calculate the remainder when (760419/(-22))/9*(-3 + 1) is divided by 28.
9
Calculate the remainder when (20/35)/((-4)/(-42)) - -72 is divided by 32.
14
Suppose 21 = 3*a - 0*a. Calculate the remainder when 612*(-6)/((-432)/18) is divided by a.
6
What is the remainder when (3 - 3866/(-10)) + 9*(-10)/(-225) is divided by 150?
90
Suppose 8*o - 109 + 85 = 0. Suppose 0 = 2*v - o*v + 40. What is the remainder when v is divided by 21?
19
Suppose d - 686 = 4*y, 1062 - 3200 = -3*d - 4*y. Calculate the remainder when d is divided by 71.
67
Let s = 8 - 14. Let w be (s/4)/(12/(-56)). Let t(c) = c**3 - 6*c**2 - 4*c + 11. What is the remainder when t(w) is divided by 11?
10
Let a(c) = c**2 + 12*c - 75. Let z = -99 + 82. What is the remainder when 29 is divided by a(z)?
9
Suppose 5*a - 452 = -28 + 246. Calculate the remainder when 402 is divided by a.
0
Suppose 4*o + 5*g + 3 = 4, -g - 3 = 0. What is the remainder when 302 is divided by (6 - o)/(3 + 24/(-9))?
2
Suppose 2*u = 29 - 3. Let c = -21 + u. Let g(i) = -2*i + 1. Calculate the remainder when 134 is divided by g(c).
15
Suppose 32*o - 36*o + 5268 = 0. Let q = o + -1307. Let n = -54 - -142. What is the remainder when n is divided by q?
8
Let n = 34 - 31. Suppose 69 = 3*r - 0. Let u = -13 + r. What is the remainder when u is divided by n?
1
Let s = 17720 + -17710. Calculate the remainder when 610 is divided by s.
0
Let a(f) = -28*f - 240. Suppose -217*r - 40 = -213*r. Calculate the remainder when 357 is divided by a(r).
37
Let t(k) = 67*k + 1124. What is the remainder when t(-12) is divided by 138?
44
Suppose -2*s + 30 = -4*w, s - 48 = -3*s + 5*w. What is the remainder when ((-2)/1)/((-280)/272 + 1) is divided by s?
5
Let z(u) = -12*u**3 - 4*u**2 - 10*u - 7. Let n be z(-3). Suppose 5*d - 1994 - n = 0. Calculate the remainder when d is divided by 8.
5
Suppose 21*y + 2394 = 78*y. Calculate the remainder when 83 is divided by 19 - (-7)/(49/y).
8
Let v(y) = 15*y**2 + 8*y - 51. What is the remainder when v(-5) is divided by 35?
4
Suppose 5*y + 526 = -104. Let p = y + 126. What is the remainder when (1 + -2 - p)/(11/(-187)) is divided by 6?
5
Suppose 77 = 3*h - 85. Let l be (h/45)/(6/40). Suppose l*d = 7*d + 23. What is the remainder when d is divided by 8?
7
Let u(m) be the third derivative of -m**5/30 - 9*m**4/8 - 4*m**3/3 - 76*m**2 + 2*m. What is the remainder when u(-1